{"version":"1.0","provider_name":"Kalot","provider_url":"https:\/\/kalot.com.mx\/site","author_name":"Cristian Patl\u00e1n","author_url":"https:\/\/kalot.com.mx\/site\/author\/patlan\/","title":"Review: \u201cAVATAR: La leyenda de Korra\u201d - Kalot","type":"rich","width":600,"height":338,"html":"<blockquote class=\"wp-embedded-content\" data-secret=\"MP3loiqt6D\"><a href=\"https:\/\/kalot.com.mx\/site\/2013\/10\/27\/review-avatar-la-leyenda-de-korra\/\">Review: \u201cAVATAR: La leyenda de Korra\u201d<\/a><\/blockquote><iframe sandbox=\"allow-scripts\" security=\"restricted\" src=\"https:\/\/kalot.com.mx\/site\/2013\/10\/27\/review-avatar-la-leyenda-de-korra\/embed\/#?secret=MP3loiqt6D\" width=\"600\" height=\"338\" title=\"&#8220;Review: \u201cAVATAR: La leyenda de Korra\u201d&#8221; &#8212; Kalot\" data-secret=\"MP3loiqt6D\" frameborder=\"0\" marginwidth=\"0\" marginheight=\"0\" scrolling=\"no\" class=\"wp-embedded-content\"><\/iframe><script>\n\/*! This file is auto-generated *\/\n!function(d,l){\"use strict\";l.querySelector&&d.addEventListener&&\"undefined\"!=typeof URL&&(d.wp=d.wp||{},d.wp.receiveEmbedMessage||(d.wp.receiveEmbedMessage=function(e){var t=e.data;if((t||t.secret||t.message||t.value)&&!\/[^a-zA-Z0-9]\/.test(t.secret)){for(var s,r,n,a=l.querySelectorAll('iframe[data-secret=\"'+t.secret+'\"]'),o=l.querySelectorAll('blockquote[data-secret=\"'+t.secret+'\"]'),c=new RegExp(\"^https?:$\",\"i\"),i=0;i<o.length;i++)o[i].style.display=\"none\";for(i=0;i<a.length;i++)s=a[i],e.source===s.contentWindow&&(s.removeAttribute(\"style\"),\"height\"===t.message?(1e3<(r=parseInt(t.value,10))?r=1e3:~~r<200&&(r=200),s.height=r):\"link\"===t.message&&(r=new URL(s.getAttribute(\"src\")),n=new URL(t.value),c.test(n.protocol))&&n.host===r.host&&l.activeElement===s&&(d.top.location.href=t.value))}},d.addEventListener(\"message\",d.wp.receiveEmbedMessage,!1),l.addEventListener(\"DOMContentLoaded\",function(){for(var e,t,s=l.querySelectorAll(\"iframe.wp-embedded-content\"),r=0;r<s.length;r++)(t=(e=s[r]).getAttribute(\"data-secret\"))||(t=Math.random().toString(36).substring(2,12),e.src+=\"#?secret=\"+t,e.setAttribute(\"data-secret\",t)),e.contentWindow.postMessage({message:\"ready\",secret:t},\"*\")},!1)))}(window,document);\n\/\/# sourceURL=https:\/\/kalot.com.mx\/site\/wp-includes\/js\/wp-embed.min.js\n<\/script>\n","thumbnail_url":"https:\/\/i0.wp.com\/kalot.com.mx\/site\/wp-content\/uploads\/2013\/10\/wallpapers-de-la-leyenda-de-korra4.jpg?fit=500%2C375&ssl=1","thumbnail_width":500,"thumbnail_height":375,"description":"Kaloch@s si al igual que yo cuando se acabo Avatar: La leyenda de Aang sintieron que su vida no ten\u00eda ning\u00fan prop\u00f3sito ya, puede que la alegr\u00eda regrese a"}

Cristian Patlán

Kaloch@s si al igual que yo cuando se acabo Avatar: La leyenda de Aang sintieron que su vida no tenía ningún propósito ya, puede que la alegría regrese a
